{"id":995,"date":"2017-12-04T15:13:58","date_gmt":"2017-12-04T14:13:58","guid":{"rendered":"https:\/\/dynaform.ch\/media\/uploads\/2017\/09\/AdobeStock_48711018.jpeg"},"modified":"2017-12-04T15:13:58","modified_gmt":"2017-12-04T14:13:58","slug":"diatgemuse-auf-vollkornbrot-2","status":"inherit","type":"attachment","link":"https:\/\/dynaform.ch\/accueil\/diatgemuse-auf-vollkornbrot-2\/","title":{"rendered":"Di\u00e4t,Gem\u00fcse auf Vollkornbrot"},"author":5,"comment_status":"open","ping_status":"closed","template":"","meta":{"_acf_changed":false},"acf":[],"description":{"rendered":"<p class=\"attachment\"><a href='https:\/\/dynaform.ch\/media\/uploads\/2017\/09\/AdobeStock_48711018-e1512397871330.jpeg'><img loading=\"lazy\" decoding=\"async\" width=\"300\" height=\"149\" src=\"https:\/\/dynaform.ch\/media\/uploads\/2017\/09\/AdobeStock_48711018-e1512397871330-300x149.jpeg\" class=\"attachment-medium size-medium\" alt=\"\" srcset=\"https:\/\/dynaform.ch\/media\/uploads\/2017\/09\/AdobeStock_48711018-e1512397871330-300x149.jpeg 300w, https:\/\/dynaform.ch\/media\/uploads\/2017\/09\/AdobeStock_48711018-e1512397871330-768x382.jpeg 768w, https:\/\/dynaform.ch\/media\/uploads\/2017\/09\/AdobeStock_48711018-e1512397871330-1024x509.jpeg 1024w, https:\/\/dynaform.ch\/media\/uploads\/2017\/09\/AdobeStock_48711018-e1512397871330-1200x597.jpeg 1200w, https:\/\/dynaform.ch\/media\/uploads\/2017\/09\/AdobeStock_48711018-e1512397871330.jpeg 2000w\" sizes=\"(max-width: 300px) 85vw, 300px\" \/><\/a><\/p>\n"},"caption":{"rendered":""},"alt_text":"","media_type":"image","mime_type":"image\/jpeg","media_details":{"width":2000,"height":995,"file":"2017\/09\/AdobeStock_48711018-e1512397871330.jpeg","sizes":{"thumbnail":{"file":"AdobeStock_48711018-e1512397871330-150x150.jpeg","width":150,"height":150,"mime_type":"image\/jpeg","source_url":"https:\/\/dynaform.ch\/media\/uploads\/2017\/09\/AdobeStock_48711018-e1512397871330-150x150.jpeg"},"medium":{"file":"AdobeStock_48711018-e1512397871330-300x149.jpeg","width":300,"height":149,"mime_type":"image\/jpeg","source_url":"https:\/\/dynaform.ch\/media\/uploads\/2017\/09\/AdobeStock_48711018-e1512397871330-300x149.jpeg"},"medium_large":{"file":"AdobeStock_48711018-e1512397871330-768x382.jpeg","width":768,"height":382,"mime_type":"image\/jpeg","source_url":"https:\/\/dynaform.ch\/media\/uploads\/2017\/09\/AdobeStock_48711018-e1512397871330-768x382.jpeg"},"large":{"file":"AdobeStock_48711018-e1512397871330-1024x509.jpeg","width":1024,"height":509,"mime_type":"image\/jpeg","source_url":"https:\/\/dynaform.ch\/media\/uploads\/2017\/09\/AdobeStock_48711018-e1512397871330-1024x509.jpeg"},"post-thumbnail":{"file":"AdobeStock_48711018-e1512397871330-1200x597.jpeg","width":1200,"height":597,"mime_type":"image\/jpeg","source_url":"https:\/\/dynaform.ch\/media\/uploads\/2017\/09\/AdobeStock_48711018-e1512397871330-1200x597.jpeg"},"full":{"file":"AdobeStock_48711018-e1512397871330.jpeg","width":2000,"height":995,"mime_type":"image\/jpeg","source_url":"https:\/\/dynaform.ch\/media\/uploads\/2017\/09\/AdobeStock_48711018-e1512397871330.jpeg"}},"image_meta":{"aperture":"3","credit":"Printemps - stock.adobe.com","camera":"NIKON D800","caption":"","created_timestamp":"1358612527","copyright":"","focal_length":"105","iso":"100","shutter_speed":"0.016666666666667","title":"Di\u00e4t,Gem\u00fcse auf Vollkornbrot","orientation":"1","keywords":["di\u00e4t","abnehmen","schlank","gewichtsreduktion","gem\u00fcse","massband","gewicht","meter","fitness","appetit","symbol","bodyma\u00dfindex","dick","d\u00fcnn","entschlacken","ern\u00e4hrung","essen","essst\u00f6rung","fasten","fastenzeit","fett","fettarm","figur","fit","gesund","gesundheit","idealma\u00dfe","konzept","k\u00fcche","mahlzeit","waage","zunehmen","\u00fcbergewicht","nu\u00df","n\u00fcsse","salat","tomaten","paprika","gurke","gurken","tomate","vollkorn","vollkornbrot","ern\u00e4hrungsberatung","frisches gem\u00fcse","kalorien","kalorienarm","rohkost","vorsatz","vors\u00e4tze"]}},"post":7,"source_url":"https:\/\/dynaform.ch\/media\/uploads\/2017\/09\/AdobeStock_48711018-e1512397871330.jpeg","_links":{"self":[{"href":"https:\/\/dynaform.ch\/rest_api\/wp\/v2\/media\/995"}],"collection":[{"href":"https:\/\/dynaform.ch\/rest_api\/wp\/v2\/media"}],"about":[{"href":"https:\/\/dynaform.ch\/rest_api\/wp\/v2\/types\/attachment"}],"author":[{"embeddable":true,"href":"https:\/\/dynaform.ch\/rest_api\/wp\/v2\/users\/5"}],"replies":[{"embeddable":true,"href":"https:\/\/dynaform.ch\/rest_api\/wp\/v2\/comments?post=995"}]}}

Diät,Gemüse auf Vollkornbrot

diät

gemüse

bodymaßindex

dünn

ernährung

essstörung

idealmaße

küche

übergewicht

nuß

nüsse

ernährungsberatung

frisches gemüse

vorsätze
